3
In base 13, what is -5969ab1 + 0?
-5969ab1
In base 16, what is 77 + 1275c?
127d3
In base 11, what is 64a8 + -10370?
-4973
In base 6, what is -4121213230 + 4?
-4121213222
In base 12, what is -241 - -116b523?
116b2a2
In base 14, what is 11b6 - -b8?
1290
In base 8, what is 1 - -51234507?
51234510
In base 2, what is 1101101111000010110110 - 1110100?
1101101111000001000010
In base 16, what is -24abec + 2?
-24abea
In base 13, what is 657a67 - -4?
657a6b
In base 14, what is c8 - -27d5d3?
27d6bb
In base 12, what is 179939 + -151?
1797a8
In base 5, what is 142 + -214233110?
-214232413
In base 8, what is -5 + -2210166432?
-2210166437
In base 11, what is -147908696 + 3?
-147908693
In base 7, what is 20213 + 40542?
61055
In base 2, what is -10010 + 1100000111010010101101?
1100000111010010011011
In base 3, what is -1010212100211 + -12212?
-1010212120200
In base 3, what is 10121 - 12102220020?
-12102202122
In base 14, what is -16d + -631?
-7a0
In base 12, what is -110163b + 4?
-1101637
In base 10, what is -78572007 + -2?
-78572009
In base 12, what is 4 - 248978?
-248974
In base 9, what is -238158 + 1805?
-236253
In base 8, what is 30144612 + -2?
30144610
In base 13, what is 6452 + 595?
6a17
In base 14, what is -283d9ab - -4?
-283d9a7
In base 11, what is 8703 - -10164?
18867
In base 9, what is 26 - -1143457?
1143484
In base 16, what is 4a39ba9 + 3?
4a39bac
In base 2, what is 10101011101110 - -1110000000110101?
10000101100100011
In base 5, what is 3 - 1120400?
-1120342
In base 4, what is 112222002223 + 13?
112222002302
In base 2, what is 10110100010000110010 - -111011?
10110100010001101101
In base 14, what is 71a4 - 919?
6689
In base 3, what is 101122012 + -1201020122?
-1022121110
In base 5, what is -3 - -133401222131?
133401222123
In base 5, what is -4223 + 30413014?
30403241
In base 3, what is 200111102211211120 + 10?
200111102211211200
In base 10, what is 1 - -33587399?
33587400
In base 16, what is 6f866 - 1e?
6f848
In base 3, what is 1 + 202211110220?
202211110221
In base 2, what is 10 - 10111101010011010000011111011?
-10111101010011010000011111001
In base 10, what is 16 + -1636828?
-1636812
In base 15, what is 2 + -859332b?
-8593329
In base 15, what is 0 - -49a3d5b?
49a3d5b
In base 5, what is 1311 + -3214412?
-3213101
In base 9, what is 0 + 30281635?
30281635
In base 16, what is 9a681 + 86?
9a707
In base 7, what is -23056646 - -23?
-23056623
In base 13, what is -3874c - -698?
-38084
In base 7, what is -255300 + 364?
-254603
In base 12, what is -5 - 15b1b23?
-15b1b28
In base 8, what is -2 - 10131766?
-10131770
In base 14, what is 4 - 123c853?
-123c84d
In base 14, what is 861 - -d597?
10018
In base 7, what is -21246 - -66456?
45210
In base 15, what is -1a6 - 8d50?
-9006
In base 8, what is 33536535 + 33?
33536570
In base 8, what is 4013631706 - -3?
4013631711
In base 10, what is -1 - 157515716?
-157515717
In base 2, what is -111000101010110010 + -101?
-111000101010110111
In base 13, what is 166 - 263a94?
-26392b
In base 5, what is 3312211402 - -11?
3312211413
In base 2, what is -1010011011101111100001 + -10?
-1010011011101111100011
In base 12, what is -81683a + -2?
-816840
In base 15, what is -5ea18d + e?
-5ea17e
In base 12, what is -2a977b0 - 4?
-2a977b4
In base 9, what is -26024718 - -2?
-26024716
In base 9, what is 484138 - -3?
484142
In base 10, what is 42 - -316842?
316884
In base 9, what is -665414 + 601?
-664713
In base 15, what is -e3a8 + 6b3e?
-7769
In base 10, what is -1 - 23948895?
-23948896
In base 11, what is -23 + 1145647?
1145624
In base 5, what is -204221 + 101130?
-103041
In base 7, what is 362322 + -105?
362214
In base 3, what is -2 - 2201200021100?
-2201200021102
In base 8, what is -2650544 + 41?
-2650503
In base 10, what is 121074994 + 2?
121074996
In base 15, what is -3 + 24d593?
24d590
In base 4, what is -21 + -300110123102?
-300110123123
In base 15, what is 4cdee - 1ed?
4cc01
In base 14, what is 7ba + 28197?
28973
In base 3, what is 210111010112 - 1102?
210111002010
In base 8, what is 1 - 16632011?
-16632010
In base 12, what is 5 + -1aa9387?
-1aa9382
In base 10, what is 7161 + -2396?
4765
In base 8, what is -7735773 + -5?
-7736000
In base 11, what is -475a1 + -185?
-47776
In base 13, what is -6145 - 630?
-6775
In base 10, what is 4 - 6855817?
-6855813
In base 12, what is 6bb64a46 + 4?
6bb64a4a
In base 7, what is -2 + -26454530?
-26454532
In base 13, what is -3 - 2a16b1?
-2a16b4
In base 4, what is 110201323130 - -100?
110201323230
In base 16, what is 76430 + -f5?
7633b
In base 9, what is 14 - 32012?
-31887
In base 5, what is 103303 + 412323?
1021131
In base 9, what is -35102 - 1218?
-36321
In base 2, what is -1111001010 + 11100011111?
1101010101
In base 14, what is 7 - 141148?
-141141
In base 13, what is -1aba210 - -2?
-1aba20b
In base 7, what is -2445112 - 5422?
-2453534
In base 5, what is 11 - 331422140?
-331422124
In base 5, what is -144033201 + 0?
-144033201
In base 7, what is 1553116 - 346?
1552440
In base 4, what is 3133101021 + 101?
3133101122
In base 11, what is 50944 - 2553?
493a1
In base 13, what is 1c9b9aa8 + -1?
1c9b9aa7
In base 15, what is 5 + -19331c?
-193317
In base 10, what is 7142319 - 3?
7142316
In base 3, what is 22202210110 - 2021?
22202201012
In base 6, what is -2 - 14255303450?
-14255303452
In base 10, what is 11188630 - 5?
11188625
In base 8, what is -2715 + -11567?
-14504
In base 6, what is 31043210 - -4?
31043214
In base 16, what is -1fe69 + 46?
-1fe23
In base 15, what is -1 + 1706649?
1706648
In base 5, what is -31021444244 + 10?
-31021444234
In base 12, what is -b - -247250?
247241
In base 12, what is -82a + -35a94?
-36702
In base 9, what is 245 + 801165?
801421
In base 5, what is 23210 - -23343?
102103
In base 6, what is -10551145 + 211?
-10550534
In base 14, what is -43534 - 4b3?
-43a07
In base 10, what is 51406189 + 1?
51406190
In base 13, what is -2c938 - 1166?
-30aa1
In base 4, what is 113300111 - -11023?
113311200
In base 4, what is -101212 + 301133?
133321
In base 4, what is -2 + 2020300331120?
2020300331112
In base 12, what is -8 + -733a9aa?
-733a9b6
In base 2, what is -10110 + 11101000111001110?
11101000110111000
In base 5, what is -14341242 - 1342?
-14343134
In base 8, what is -1 - 120614477?
-120614500
In base 3, what is -2 - 22001202101001221?
-22001202101002000
In base 11, what is 14686394 - 3?
14686391
In base 13, what is 12 - 7086?
-7074
In base 16, what is -21a - 106e6?
-10900
In base 11, what is 0 - -7515193?
7515193
In base 15, what is -78e1b1 - 0?
-78e1b1
In base 9, what is -17 - 675202?
-675220
In base 13, what is -1a89c + 175?
-1a727
In base 5, what is 2333330 + 2220?
2341100
In base 4, what is -122331100 - 13022?
-123010122
In base 16, what is -43f + 2f2c?
2aed
In base 16, what is 19 - -326c60?
326c79
In base 16, what is 3132 - -645?
3777
In base 10, what is 5217 - -894?
6111
In base 11, what is -30874 + -1300?
-32074
In base 12, what is ab - -17666?
17755
In base 6, what is 5 + -22554514505?
-22554514500
In base 15, what is 8b6d7 + -3?
8b6d4
In base 7, what is 33426 - 40256?
-3530
In base 16, what is 869c + 63?
86ff
In base 9, what is -514576407 - 2?
-514576410
In base 13, what is 172b68 + -5?
172b63
In base 16, what is -95 - -22b4d?
22ab8
In base 2, what is 1011001100 + 111010110010101?
111100001100001
In base 2, what is 100000100 - 1100110010110010?
-1100101110101110
In base 8, what is -1223 - -3037223?
3036000
In base 7, what is -1034115 - -1603?
-1032212
In base 15, what is -1 + -11bbb48?
-11bbb49
In base 4, what is 12 + -1203122122330?
-1203122122312
In base 14, what is 34876b9 - c?
34876ab
In base 15, what is -260 + 1b85?
1925
In base 12, what is -42 - -1097b00?
1097a7a
In base 11, what is a26 + -13410?
-12495
In base 14, what is 10c22 + 28a?
110ac
In base 5, what is 120034301 - 412?
120033334
In base 13, what is -19403595 - -4?
-19403591
In base 7, what is 1141013 - 155?
1140525
In base 7, what is 3 + 244253512?
244253515
In base 13, what is 338 + -27033?
-269c8
In base 15, what is -44b87 - 3?
-44b8a
In base 13, what is -c9a7781 + -5?
-c9a7786
In base 2, what is -101010100100101 - 110001110111?
-110000110011100
In base 5, what is 113030124 - -3?
113030132
In base 13, what is 31bc19 - -23?
31bc3c
In base 15, what is bba - -8b55?
9820
In base 5, what is -432 - 100003011?
-10